 = 66. Is f composite?
False
Let m be 315 + -1 + (2 - 1). Suppose -3*v + 2*n + 174 = 0, v + 4*v + 5*n - m = 0. Let q = 93 - v. Is q composite?
True
Let j = 10 + -8. Suppose -d - 4 + 27 = j*i, -21 = -4*i + 3*d. Is i a prime number?
False
Suppose 14*h - 5*h - 3537 = 0. Is h a composite number?
True
Suppose 4*j + 2*d + 2668 = 0, 0 = 3*j + 2*d - 7*d + 2001. Let w = -456 - j. Is w prime?
True
Let g = 1360 - 819. Is g a prime number?
True
Let j(d) = -5*d + 2. Let o(v) = -36*v + 15. Let h(k) = 30*j(k) - 4*o(k). Let c be h(-1). Suppose c*p - 21 = 5*p. Is p a composite number?
True
Suppose w = 5 - 2. Let g(s) = 24*s - 3. Is g(w) prime?
False
Let c be ((-4)/(-2))/(4/202). Let v = 173 - c. Let t = 137 - v. Is t a prime number?
False
Let w(m) = 4*m**2 - 8*m + 11. Is w(10) a prime number?
True
Let v be 12/2 + 3/(-3). Is 2/(-10) - (-156)/v composite?
False
Suppose -f = -4*u + 3, -32 = -4*f + u + 1. Let q be f*((-1)/(-1))/1. Let v = q + -3. Is v a prime number?
False
Let l(i) = -5 + 4 - 5 + 3*i**2 + 5*i + i. Let c = 7 + -12. Is l(c) prime?
False
Let a(u) = -12*u**3 + 4*u + 3. Is a(-2) prime?
False
Suppose -27564 - 9634 = -14*u. Is u composite?
False
Let y be 1 + -1 - 40/4. Let m = 14 + y. Suppose -323 = -m*d + 3*k, -3*d - k = -d - 169. Is d a prime number?
True
Let t(f) = 5*f**3 - 14*f**2 + 2*f - 5. Is t(6) prime?
False
Let c(v) = -v**3 - 8*v**2 - 7*v + 8. Let d be c(-7). Let s be -2*4/(d/(-201)). Let x = s + -142. Is x composite?
False
Let o be -17 - (-1 + (3 - 1)). Is (-4)/o + (-798)/(-54) a prime number?
False
Suppose 3*c = -5*f + 1589, -2*c = -4*f + 628 + 652. Is f a composite number?
True
Let c be 4/(-2)*329/(-14). Let v = c - 16. Is v a prime number?
True
Let s(q) = 2*q**2 + 9*q - 2. Let y(j) = -j**3 + j**2 - 7. Let a be y(0). Is s(a) composite?
True
Let m(o) be the second derivative of 2*o**4 + o**3/6 + o**2/2 - 4*o. Is m(-2) prime?
False
Let q(v) = 5*v**3 - 6*v**2 + v - 2. Is q(5) prime?
False
Suppose 0 = -5*w + 3*o + 283, 9*w = 4*w - 5*o + 315. Is w a composite number?
False
Let n(d) = 2*d**2 - 2*d - 1. Let q be n(2). Let c(h) = h**3 + 2*h**2 + 3*h + 4. Let m be c(q). Let u = -27 + m. Is u a composite number?
False
Let i(h) = 61*h**2 - h + 3. Is i(-2) a composite number?
True
Suppose 0 = 10*q + 117 - 3427. Is q a composite number?
False
Let m = -1 - 1. Suppose -2*x - 5*t = 60, -4*x - 150 = 5*t - 20. Is 8/10*x/m a prime number?
False
Let v(s) = -s**2 - 8*s + 11. Let z be v(-9). Suppose 257 = 5*d + z*j, 163 = 3*d - 0*d - j. Is d a composite number?
False
Let s = 593 + 4268. Is s prime?
True
Let z(v) = -6*v**2 - 7 + 4*v + 3*v + v**3 + 0*v**2. Is z(6) prime?
False
Let n(o) be the second derivative of 5*o**4/6 + o**3/3 + 3*o**2/2 + 2*o. Is n(-3) a prime number?
False
Let d(s) = 3*s**2 + 16*s + 9. Is d(-10) composite?
False
Is 9813/21 - 8/28 prime?
True
Suppose -3*r = p - 56, -4*r - p = 4*p - 82. Suppose 2*y + 8 = 3*y - 4*h, r = 5*y + 2*h. Suppose 0 = 4*l + 4*c - 136, 2*c - 149 = -5*l + y*c. Is l prime?
True
Suppose 37 = -2*k - 117. Is (k/33)/((-1)/51) a prime number?
False
Suppose 4*n + 3*i - 28 = -0*i, -4*n + 32 = 4*i. Suppose -1 = n*k - 93. Is k prime?
True
Is (-15)/5 + 198 + 4 composite?
False
Let h(z) = 52*z**2 - 3. Let o be h(3). Let q = o - 242. Is q composite?
False
Let u = -16 - -12. Is u*(0 + 260/(-16)) a prime number?
False
Let n(q) = q + 2. Let i be n(-4). Is 49/(6 + -3 + i) a composite number?
True
Suppose -5*h = -831 - 224. Suppose -4*y + 104 = k - h, -2*k + 235 = 3*y. Is y prime?
True
Let z = -1495 - -2708. Is z a composite number?
False
Suppose 0*l - 1310 = -2*l. Is l composite?
True
Let z be 1431/(-36) + (-2)/8. Let g = z + 71. Is g prime?
True
Let m be (2 + 1 - -935) + -3. Suppose 4*n + 51 - m = 0. Is n a composite number?
True
Suppose -263 = -g - r + 255, -r = -5*g + 2584. Is g prime?
False
Let l(d) be the second derivative of d**3/2 + 7*d**2/2 - 5*d. Let k be 1/(-2)*1*-10. Is l(k) prime?
False
Let l(a) = -1 - 2 + 3*a**2 - 2*a**2 + 5*a. Is l(3) a prime number?
False
Let a = -437 + 744. Let z = a + -122. Is z prime?
False
Let f be ((-6)/(-4))/((-1)/4). Let j(a) = a**3 + 8*a**2 + 9*a + 6. Let u be j(f). Suppose 7 = o - u. Is o a prime number?
True
Let n(t) = 28*t + 1. Suppose -j = -3*w - 9, 2*j - 3*w - 1 - 11 = 0. Is n(j) a prime number?
False
Let h be (178/3)/(8/12). Suppose 0 = -4*r + 139 + h. Is r a prime number?
False
Let p be (-4)/12 - (-14)/6. Suppose 3*v + 56 = g, -p*g + 0*v = 3*v - 103. Is g a composite number?
False
Let u(z) be the third derivative of z**6/120 + 13*z**5/60 + z**4/6 - z**3/6 + 6*z**2. Is u(-10) composite?
True
Suppose -65*z + 10765 = -60*z. Is z prime?
True
Let y(i) = 3*i**2 + 11*i + 7. Let z = -24 + 17. Is y(z) prime?
False
Let q = 8 - 12. Let p(r) = -6*r**3 - 1 + 6*r**2 + 11*r**3 + 2 - 4*r**3. Is p(q) composite?
True
Let z(p) = 16*p**2 - 27*p - 4. Let b(f) = 11*f**2 - 18*f - 3. Let a(j) = -7*b(j) + 5*z(j). Is a(-7) composite?
False
Let q(o) = o**3 - o**2 + o + 191. Is q(0) prime?
True
Suppose -5*a = -m - 0*m + 25, 4*a + 26 = 2*m. Suppose -m*j = -j. Suppose j = -2*g + 3*x + 122 - 16, x - 53 = -g. Is g composite?
False
Let l = 156 + 143. Is l prime?
False
Let f = 700 - 390. Suppose 4*k + 25 + 215 = 4*d, f = -5*k - 5*d. Let b = k - -110. Is b composite?
True
Is (-1)/(-1)*-5167*6/(-6) prime?
True
Let s be (-72)/30 + (-4)/(-10). Let z(r) = -2*r**3 - 3*r**2 - r - 2. Let h be z(s). Suppose -7*q = -h*q - 111. Is q composite?
False
Let d(l) = 494*l. Let i be d(1). Suppose 0 = -h + 3*h - 2*k - 952, 0 = -h - 5*k + i. Is h prime?
True
Let g be ((-1030)/(-30))/(1/3). Suppose -2*b = -3*b + g. Is b prime?
True
Let w = 7 - -9. Suppose 0 = -b - a - 2*a + w, -4*b + 92 = -2*a. Is b prime?
False
Suppose 2*k - 2*m - 1790 = 2*m, 3*k = 5*m + 2681. Is k composite?
False
Let i(g) be the third derivative of 0 + 0*g - 1/20*g**6 - 1/24*g**4 + 1/60*g**5 + 1/6*g**3 + g**2. Is i(-2) composite?
True
Let u(r) = -8*r**2 - r + 1. Let c be u(1). Is ((-207)/(-12))/((-3)/c) a prime number?
False
Suppose 3*s = -2*s + 740. Suppose 4*c + 12 = 0, g - s = 4*c - c. Let n = g + -60. Is n a composite number?
False
Let h(s) = 2*s + 913. Is h(0) composite?
True
Let t(q) = -82*q - 7. Is t(-3) a prime number?
True
Suppose 5*n - 357 - 2838 = 0. Suppose 5*k = 2*k + n. Suppose 3*c + 4*r - 140 + 19 = 0, -4*c = -5*r - k. Is c composite?
False
Let y(w) = 24*w**3 + 3*w**2 - 2*w + 3. Is y(2) a composite number?
True
Let p be 4/(-4) - (-20)/(-2). Let b be 2622/22 - (-2)/p. Let g = 174 - b. Is g a composite number?
True
Let t(z) = -2 - 2 + 5*z + 2*z. Let i be t(6). Is (i/(-6))/((-4)/12) composite?
False
Let y(j) = 14*j - 21. Is y(16) composite?
True
Let l(u) = 10*u - 4. Let s be l(10). Is (-3 - -1) + s - 1 a prime number?
False
Let w be 1/((5 + -3)/(-6)). Let l be (-72)/(-20) + w/5. Suppose -l*q = q - 196. Is q composite?
True
Let v = 77 - 24. Is v a prime number?
True
Let x(i) = i**2 + 6*i + 6. Let h be x(-9). Let d = -14 + h. Is d a prime number?
True
Let n(t) = t**2 - 4*t - 7. Let i be n(5). Suppose -l + 5*l + 12 = 0, 60 = 5*b - 5*l. Is b - -6 - (i - -2) composite?
True
Let u = 284 + 833. Is u a prime number?
True
Suppose 0 = -9*s + 23087 - 4628. Is s prime?
False
Suppose -4*v + 4*x = 0, 2 = 5*v - x - 6. Suppose 0 = -w - 2*z + 4*z + 161, 0 = 3*w + v*z - 467. Is w composite?
False
Let p = -566 - -1005. Is p a prime number?
True
Let q(b) = b**2 - b + 7. Let v = -14 - -23. Is q(v) prime?
True
Let s = -34 - -18. Let a = -8 + 13. Let k = a - s. Is k a composite number?
True
Suppose -a = 3*a + 3*p - 4165, 5*p - 3132 = -3*a. Is a a prime number?
True
Let y be (-2)/4*2*-11. Let w = y - -14. Let q = w + -12. Is q composite?
False
Suppose 0*f - 1 = -f, -3*f + 18 = 5*x. Suppose -x*b = -4*b - 76. Let g = b + 155. Is g prime?
True
Let c(q) = q**3 + 8*q**2 + 13*q + 8. Let a(v) = -v**2 + 4*v + 6. Let j be a(6). Is c(j) composite?
False
Let b(t) = 4*t**3. Let h be b(1). Suppose 0 = 2*l - 4*n - 530, -h*n - n + 503 = 2*l. Is l prime?
False
Let c(s) = s**3 - 2*s**2 + 3. Is c(2) prime?
True
Let h be 134/(-8) + 2/(-8). Let r = h - -36. Is r composite?
False
Let h be (-406)/6 + 2/3. Let p = 1 + 2. Is 3*p/((-9)/h) a composite number?
False
Suppose m = -2*t - 11 + 3, 5*m + 4 = -t. Suppose -d - 2*j + 61 + 10 = m, -124 = -2*d + 5*j. Is d a composite number?
False
Suppose 0 = v + 2*i - 267